posite?
False
Is 673 a composite number?
False
Is 14137 a composite number?
True
Is 817 a prime number?
False
Is 15815 a prime number?
False
Is 3727817 a prime number?
False
Is 5351 a composite number?
False
Is 220159 a prime number?
False
Is 94921 composite?
True
Is 167849 composite?
True
Is 1715635 a prime number?
False
Is 54109 prime?
False
Is 3779 prime?
True
Is 560561 composite?
False
Is 153773 a prime number?
False
Is 18347 prime?
False
Is 40307 a composite number?
True
Is 28738 a composite number?
True
Is 30367 a prime number?
True
Is 3427 a prime number?
False
Is 6119 composite?
True
Is 17333 composite?
False
Is 8147 composite?
False
Is 98171 a prime number?
False
Is 55907 a composite number?
True
Is 200771 a composite number?
False
Is 7273 a composite number?
True
Is 280139 a composite number?
False
Is 1060343 composite?
False
Is 615071 a prime number?
False
Is 46619 a composite number?
False
Is 5631 prime?
False
Is 3062 a composite number?
True
Is 632215 a prime number?
False
Is 1099331 prime?
False
Is 297733 prime?
False
Is 11149 prime?
True
Is 48154 composite?
True
Is 799919 prime?
False
Is 629 prime?
False
Is 96731 prime?
True
Is 37 prime?
True
Is 184669 prime?
True
Is 6547 prime?
True
Is 83693 prime?
False
Is 25111 a composite number?
False
Is 8146 a prime number?
False
Is 8797 composite?
True
Is 5771 a composite number?
True
Is 4278139 prime?
True
Is 88174 prime?
False
Is 4049 a composite number?
False
Is 35481 composite?
True
Is 9611 a composite number?
True
Is 1015009 prime?
True
Is 9395 composite?
True
Is 155821 a prime number?
True
Is 25059 a prime number?
False
Is 96323 a composite number?
False
Is 4105 a composite number?
True
Is 17609 a composite number?
False
Is 222653 a composite number?
True
Is 66407 prime?
False
Is 9743 a composite number?
False
Is 998 prime?
False
Is 809 prime?
True
Is 776159 prime?
True
Is 164311 prime?
False
Is 11369 a prime number?
True
Is 51049 a composite number?
True
Is 160343 a prime number?
True
Is 7699 a composite number?
False
Is 60899 prime?
True
Is 7861 a prime number?
False
Is 13681 composite?
False
Is 199027 a prime number?
False
Is 8461 composite?
False
Is 180647 composite?
False
Is 145949 prime?
True
Is 15601 prime?
True
Is 63029 a prime number?
True
Is 114941 composite?
False
Is 411311 prime?
True
Is 1521683 prime?
False
Is 794545 a prime number?
False
Is 2041 composite?
True
Is 78478 prime?
False
Is 25697 a composite number?
True
Is 75265 a composite number?
True
Is 269077 a composite number?
True
Is 67331 composite?
True
Is 2733499 a prime number?
True
Is 3827 a composite number?
True
Is 2569 a prime number?
False
Is 131477 a composite number?
False
Is 1337 prime?
False
Is 62071 prime?
True
Is 431983 prime?
True
Is 331541 prime?
False
Is 33391 composite?
False
Is 831899 a composite number?
False
Is 19473 prime?
False
Is 1721 prime?
True
Is 5619 composite?
True
Is 132127 a prime number?
False
Is 29594 composite?
True
Is 263 a composite number?
False
Is 375461 prime?
False
Is 25189 a composite number?
False
Is 96893 prime?
True
Is 50771 prime?
False
Is 94201 prime?
True
Is 127787 a composite number?
True
Is 21439 composite?
True
Is 171467 prime?
True
Is 276113 a composite number?
False
Is 28349 a composite number?
False
Is 146515 a prime number?
False
Is 356437 composite?
True
Is 6131 prime?
True
Is 2722 a prime number?
False
Is 58889 a prime number?
True
Is 18899 a prime number?
True
Is 1538 a prime number?
False
Is 1719143 a composite number?
False
Is 13801 a prime number?
False
Is 1449551 composite?
False
Is 53569 a composite number?
False
Is 1279 composite?
False
Is 89561 prime?
True
Is 40739 composite?
False
Is 615799 composite?
False
Is 9479 a prime number?
True
Is 851282 a prime number?
False
Is 84299 a prime number?
True
Is 16729 prime?
True
Is 360467 a prime number?
False
Is 15959 prime?
True
Is 1287487 a composite number?
False
Is 24887 a prime number?
False
Is 3319 a prime number?
True
Is 561647 a prime number?
False
Is 5671 prime?
False
Is 136801 composite?
True
Is 108587 composite?
False
Is 262681 a prime number?
True
Is 26563 composite?
True
Is 29371 a composite number?
True
Is 224693 prime?
False
Is 11597 a composite number?
False
Is 2759 prime?
False
Is 67121 a composite number?
False
Is 56299 a prime number?
True
Is 49871 prime?
True
Is 311063 a prime number?
False
Is 584673 a composite number?
True
Is 230029 a composite number?
True
Is 1096591 a prime number?
False
Is 2497163 prime?
True
Is 4717 prime?
False
Is 58937 a composite number?
False
Is 31469 prime?
True
Is 5197 a composite number?
False
Is 1973 a prime number?
True
Is 5998 prime?
False
Is 4535 prime?
False
Is 94345 a prime number?
False
Is 12143 prime?
True
Is 45481 composite?
False
Is 46853 a composite number?
False
Is 21347 a composite number?
False
Is 34583 a composite number?
False
Is 278489 composite?
False
Is 849871 composite?
True
Is 2972521 a composite number?
True
Is 69523 prime?
False
Is 651997 a prime number?
True
Is 15497 prime?
True
Is 138053 a prime number?
True
Is 16255 a prime number?
False
Is 198509 a prime number?
False
Is 12667 composite?
True
Is 253 prime?
False
Is 4987 prime?
True
Is 9229 a prime number?
False
Is 8009 prime?
True
Is 4411 a prime number?
False
Is 6119 composite?
True
Is 947771 prime?
False
Is 139901 prime?
True
Is 9577 a prime number?
False
Is 419873 composite?
False
Is 534283 prime?
True
Is 246317 a composite number?
False
Is 4039 a prime number?
False
Is 27043 prime?
True
Is 8407 a composite number?
True
Is 535774 a prime number?
False
Is 7531 a composite number?
True
Is 10411 a prime number?
False
Is 5261 prime?
True
Is 96661 a composite number?
False
Is 2686067 a composite number?
True
Is 34807 prime?
True
Is 6439 a composite number?
True
Is 1597 prime?
True
Is 2707 a composite number?
False
Is 144151 a composite number?
True
Is 32107 composite?
True
Is 4037 a prime number?
False
Is 42487 a prime number?
True
Is 2357 composite?
False
Is 108818 prime?
False
Is 19103 a composite number?
True
Is 77257 a composite number?
True
Is 1126627 a prime number?
True
Is 51627 a composite number?
True
Is 33881 a composite number?
True
Is 284827 a composite number?
True
Is 1574 a prime number?
False
Is 431615 composite?
True
Is 58333 a composite number?
True
Is 103643 composite?
False
Is 420689 prime?
False
Is 343481 prime?
True
Is 4741 composite?
True
Is 949 a prime number?
False
Is 44483 a composite number?
False
Is 2923 a prime number?
False
Is 353711 composite?
False
Is 1159777 a prime number?
True
Is 4322 composite?
True
Is 444833 composite?
False
Is 28007 prime?
False
Is 2897 a composite number?
False
Is 2317 composite?
True
Is 10837 composite?
False
Is 1267699 a composite number?
True
Is 31699 prime?
True
Is 4621 a composite number?
False
Is 189199 a prime number?
True
Is 250163 composite?
True
Is 32173 composite?
False
Is 8101 prime?
True
Is 33679 a prime number?
True
Is 11719 prime?
True
Is 56521 composite?
True
Is 33559 a composite number?
True
Is 1894 a prime number?
False
Is 118 a prime number?
False
Is 1261 prime?
False
Is 726805 a composite number?
True
Is 5851 composite?
False
Is 72133 composite?
True
Is 3862 a composite number?
True
Is 15859 a prime number?
True
Is 4631 a composite number?
True
Is 10417 composite?
True
Is 154523 composite?
False
Is 331061 prime?
False
Is 6271 a prime number?
True
Is 299 a prime number?
False
Is 2723 composite?
True
Is 44471 a composite number?
True
Is 5259 a prime number?
False
Is 16181 a prime number?
False
Is 4721 composite?
False
Is 20153 a prime number?
False
Is 7229 composite?
False
Is 2291393 composite?
True
Is 1589845 prime?
False
Is 7470677 composite?
False
Is 16151 a composite number?
True
Is 31121 a composite number?
False
Is 51277 a prime number?
False
Is 230137 a composite number?
False
Is 21269 a composite number?
False
Is 763214 prime?
False
Is 22313 prime?
False
Is 14923 a composite number?
False
Is 185353 a prime number?
False
Is 1888773 a prime number?
False
Is 393733 prime?
False
Is 21781 a composite number?
True
Is 111409 a composite number?
False
Is 8809 prime?
False
Is 4487 a prime number?
False
Is 3221 a composite number?
False
Is 447541 prime?
True
Is 2291 a prime number?
False
Is 234517 prime?
False
Is 